he greatest common factor of z and d?
14
Let c(z) = -2*z - 11 + z + z**3 + 6*z**2 + 5 + 2*z. Let b be c(-5). What is the highest common divisor of b and 14?
14
Let p = -3 + 8. Suppose 25 = 4*j + j. Suppose 3*w - 220 = -p*h, 0*w - j*w - 176 = -4*h. What is the greatest common factor of 11 and h?
11
Let u be (-1 - 28/7) + 29. What is the highest common factor of u and 156?
12
Let f be (-366)/(-36) - 2/12. Let m be (144/(-30))/((-2)/f). Let o be (-12)/(20/16 - 2). Calculate the highest common divisor of m and o.
8
Let q be 18/(5*(-6)/(-45)). Calculate the highest common divisor of 117 and q.
9
Let q = 93 + -81. Let m be ((-6)/q)/(4/(-160)). Suppose -u - g + 25 = 4*g, 5 = -5*g. Calculate the highest common factor of m and u.
10
Suppose 1150 = -15*i + 20*i. Let c be 9*((-322)/(-3) + 4). Suppose c = 5*x + 4*r + 413, -2*x + 4*r = -i. What is the greatest common factor of x and 13?
13
Let i be 57/21 + 2/7. Suppose v = 2*n - 36 - 92, -5*n + i*v = -321. Calculate the greatest common divisor of 21 and n.
21
Let s be -6*((-21)/(-6))/(-1). Let q(c) = c + 32. Let m be q(-25). Calculate the highest common divisor of s and m.
7
Let v = 3125 - 2329. Calculate the highest common factor of v and 8.
4
Suppose -2*z - n + 188 = 0, -z - 4*n + 272 = 2*z. Calculate the highest common divisor of z and 624.
48
Let t(m) = 20*m - 695. Let f be t(37). Let g = 78 - 42. What is the highest common divisor of f and g?
9
Suppose -5*c + 1790 = -5*q, 22*c - 24*c = 4*q - 728. Let w(g) = g - 2. Let p be w(6). Suppose -m + c = p*m. What is the highest common factor of m and 9?
9
Suppose 620*l - 618*l = 12. Let g be ((-5)/10)/(3/(-144)). Calculate the greatest common divisor of l and g.
6
Let l be (2 - 39/9 - -1)*-285. Calculate the greatest common divisor of 40 and l.
20
Let i(d) be the first derivative of 5*d - 9 + 9/2*d**2. Let o be i(3). Calculate the highest common divisor of 16 and o.
16
Suppose -1144 = -21*i - i. Calculate the highest common divisor of 28 and i.
4
Suppose 0 = 2*n + 10, 5*n - 315 = -2*i - 0*n. Calculate the greatest common divisor of 1275 and i.
85
Let c = -34 + 89. Suppose 5*d + 216 = d. Let y be d/(-10) - ((-14)/(-10) - 1). Calculate the greatest common factor of c and y.
5
Suppose 3*u + u - 16 = 0. Let w(s) = s**2 - 14*s + 34. Suppose -3*d + 11*d - 96 = 0. Let f be w(d). Calculate the highest common factor of f and u.
2
Suppose 0 = -v + 2*y + 31, 4*v - 94 = 2*v - 4*y. Calculate the greatest common divisor of v and 6.
3
Let p = -212 + 128. Let q = -66 + 69. Let w be (2/q)/((-8)/p). Calculate the highest common divisor of 56 and w.
7
Suppose 15*q + s - 393 = 11*q, -3*q - 5*s = -282. What is the highest common factor of q and 11?
11
Suppose 0 = -3*i + i + 18. Let l(k) = k**2 - 8*k - 29. Let w be l(16). Calculate the greatest common divisor of w and i.
9
Let d(r) = -r + 3. Let i be d(-5). Suppose -2*t + i = 0, -5*u + 158 = 5*t - 102. What is the greatest common factor of 144 and u?
48
Let l(g) = 2*g**2 + 32*g + 26. Let m be l(-19). What is the highest common divisor of 252 and m?
28
Let f be (-232)/(-32) - 8 - (-345)/12. Calculate the highest common divisor of f and 56.
28
Let z = 50 + -48. Let r be z/4*(-1 + 27). Calculate the highest common divisor of r and 65.
13
Suppose 21*a = 11*a + 80. Suppose -a*d - 98 = -22*d. Suppose 0 = 3*r - 4 + 1. What is the highest common divisor of d and r?
1
Suppose -5*r + 26 = -0*r - d, 4*d + 9 = r. What is the highest common divisor of 125 and r?
5
Suppose -w + 5*y = -30, -280 = -5*w - 0*y - y. Suppose 5*k = -3*s - 0*s + w, -3*s = 4*k - 53. Calculate the greatest common divisor of 10 and s.
5
Let i be (18/(-4) - 2)*-2. Let k = -8 + i. Suppose -5*g - k*w + 80 = 0, -5*w + 10*w = -3*g + 52. Calculate the greatest common divisor of g and 42.
14
Let o = -1035 + 1224. What is the greatest common factor of 147 and o?
21
Suppose 2*m - 2*j - 95 = 185, 0 = 3*m + 3*j - 444. Suppose 40 + m = 4*p. Calculate the greatest common divisor of 322 and p.
46
Let k(w) = -w**3 + w - 1. Let c be k(-2). Suppose v = 2*v - c. Suppose -v*n + 11 = 2*h, h - 2*n = -3*h + 34. Calculate the greatest common divisor of h and 88.
8
Let g = 40 - 41. Let i be (-4)/(((-3)/63 - g) + -1). What is the greatest common factor of i and 21?
21
Let x = -739 - -859. What is the highest common divisor of x and 45?
15
Let q(j) be the first derivative of -j**3/3 + 9*j**2/2 + 13*j - 10. Let y be q(10). Suppose y*s - 15 = 84. Calculate the greatest common factor of 11 and s.
11
Let d be 18/5*220/6. Suppose 0 = v - j - 28, 0*v - 3*j - 36 = -v. Suppose -u = u - v. What is the greatest common factor of u and d?
12
Let r(d) = -d**2 - 6*d + 30. Let k be r(-9). What is the greatest common factor of 5 and k?
1
Let r be 19*(-3)/5*195/(-117). What is the greatest common divisor of 1254 and r?
19
Let i = 122 + -75. Suppose -5*v - 42 - 93 = 0. Let h = v + i. Calculate the greatest common divisor of h and 8.
4
Let s = -26 + 32. Suppose 6*y = 3*y + 162. Let j be 2/9 + 2904/y. What is the highest common divisor of s and j?
6
Let g be (-14 + 4)*6/(-5). Suppose 0 = 3*s + v - 293, 202 = 3*s - s + 2*v. Calculate the greatest common divisor of g and s.
12
Let o(x) = -x**3 + 11*x**2 - 9*x - 4. Let z be o(10). Suppose -w + 17 - z = 0. Calculate the highest common divisor of 66 and w.
11
Let t be 26 - 4*1/2. Let b(s) = s + 4. Let a be b(5). Suppose 5*z + a = t. What is the greatest common divisor of z and 27?
3
Suppose -691 = 22*v - 3595. What is the highest common divisor of 3300 and v?
132
Suppose -15 = -5*o, 5*o + 0*o = -2*n + 19. Calculate the highest common divisor of n and 158.
2
Let m(l) = -l**3 - 8*l**2 + 2*l + 60. Let t be m(0). Calculate the highest common factor of t and 72.
12
Let c be (9 - 5) + -6 + 5. Let r(b) = 0*b**2 + 3*b**2 - 3*b - b + 4. Let j be r(c). What is the highest common divisor of j and 190?
19
Let t(p) = p**3 - p**2 + 5*p - 14. Let k be t(6). What is the highest common divisor of k and 28?
28
Suppose 0 = -2*u - 4*j + 24, 4*u - 39 = -4*j - j. Let x(h) = -7*h + 20. Let n be x(-4). Calculate the greatest common divisor of u and n.
6
Let h be (-2)/(50/12 - 4). Let g be 15 + h - 3*1. Suppose g = -5*r + 25, -3 = -3*m - 4*r + 26. What is the greatest common factor of 15 and m?
3
Let w be (-1)/3 - 500/(-60). Let c(h) = 4*h - 6. Let d be c(w). Calculate the highest common factor of d and 65.
13
Suppose -k = -m + 14 + 3, -m + 17 = 5*k. Calculate the greatest common factor of m and 221.
17
Suppose 16*v - 257 = -49. Let m(b) = 116*b + 1. Let d be (-1 - -2)*(-1 - -2). Let r be m(d). Calculate the highest common factor of v and r.
13
Suppose -3*c + 2*k = -520, -855 = -5*c - 2*k + 3*k. Calculate the greatest common divisor of 80 and c.
10
Let c = 311 + -181. Suppose w - 413 = -8*s, 69 = 4*s + 4*w - 127. Calculate the highest common divisor of s and c.
26
Let s = -16 - -8. Let z = s + 12. Suppose -5 - 171 = -z*f. Calculate the greatest common factor of f and 4.
4
Let o = 148 + 82. Let k = 2833 - 2823. Calculate the highest common factor of o and k.
10
Let x be -10*1/(2/(-10)). Suppose -5*r - 31 = -0*w + 2*w, r = 1. Let o be 4/w - 92/(-9). What is the greatest common factor of o and x?
10
Let m = -315 + 342. Calculate the greatest common divisor of m and 243.
27
Let q(u) be the second derivative of u**5/20 + 2*u**4/3 + 5*u**3/3 - 4*u**2 - 29*u. Let p be q(-4). What is the highest common divisor of p and 176?
16
Let n be -2 + (-3 - 4) + 1225. What is the greatest common divisor of 38 and n?
38
Suppose 36 - 60 = -6*m. Calculate the highest common factor of m and 4.
4
Let f(j) = -j + 37. Let q be f(29). Suppose 3*w - 86 = -5*d, 64 = 3*d + 3*w + 10. Calculate the highest common factor of q and d.
8
Suppose z - 10 = -3*z + v, -2 = -v. Suppose 0 = 5*k + 20, z*l + k + 0*k = -55. Let b = l - -20. What is the highest common factor of b and 1?
1
Let x = -9 - -9. Suppose -2*g + 3*i = -x - 30, 0 = -5*i + 10. Suppose -15*m = -g*m + 54. Calculate the greatest common divisor of 27 and m.
9
Let z be (22 - 26)*1/(-2) + 14. Let h = 646 - 294. Suppose y - h = -y. What is the greatest common factor of y and z?
16
Let q be (-1)/(1/1) + 3. Let w be 10/(-35) + (-9)/(-7). What is the greatest common factor of w and q?
1
Suppose 2*t + 36 = 2*d, -5*t + 0*d - 102 = -d. Let k = t - -69. Calculate the highest co